{"id":67,"date":"2025-08-25T22:17:10","date_gmt":"2025-08-25T20:17:10","guid":{"rendered":"https:\/\/www2.skiclubvallouron.com\/?page_id=67"},"modified":"2025-08-25T23:09:25","modified_gmt":"2025-08-25T21:09:25","slug":"04-2","status":"publish","type":"page","link":"https:\/\/www.skiclubvallouron.com\/?page_id=67","title":{"rendered":"Historique"},"content":{"rendered":"\n<p>Cr\u00e9\u00e9 en 1976 en m\u00eame temps que la station, le club a accueilli en une cinquantaine d\u2019ann\u00e9es plus de 1000 jeunes des vall\u00e9es qui ont suivi des cours de ski ou de snowboard.<\/p>\n\n\n\n<p>Parmi ces jeunes, 3 ont&nbsp; poursuivi leur r\u00eave dans un club alpin : Francis Fornos, Thomas Jeandel et Julie Martin.<br>Plusieurs jeunes du club ont obtenu un titre de Champion des Pyr\u00e9n\u00e9es : Jean Paul Hoareau, Mariana Lescourret\u2026..en 2020 Mathilde Castillon (liste \u00e0 compl\u00e9ter, si vous en faites partie, merci de nous appeler.)<\/p>\n\n\n\n<p>Le club a gagn\u00e9 le troph\u00e9e du Desman par 2 fois. Ce troph\u00e9e &nbsp;r\u00e9compense la meilleure \u00e9quipe microbes \u00e0 Gavarnie. Le club se classe dans les 3 premiers clubs (sur une vingtaine de pr\u00e9sents) en 207 2018 2019 (\u00e9dition 2020 annul\u00e9e)<\/p>\n\n\n\n<p>Ont particip\u00e9 aux Championnats de France benjamins ou minimes&nbsp;: r\u00e9cemment Cora Vila Malo, Elias Bertaud, Mathilde Castillon et Axel Fresquet, il y a plus longtemps&nbsp;Franck Bigourdan, Marion Harl\u00e9, Manu Cazcarre, Francis Fornos, Mariana Lescourret,&nbsp;Mathieu Pucel, Micha\u00ebl Mur, Esther Dumestre, Sandra Latour, Jean Paul Hoareau, Nicolas Garces (liste \u00e0 compl\u00e9ter, si vous en faites partie, merci de nous appeler.)<\/p>\n\n\n\n<p>Adrien Fresquet membre actuel des \u00e9quipes de France B en vitesse a pass\u00e9 plusieurs ann\u00e9es \u00e0 Val Louron<\/p>\n\n\n\n<p>Pour faire fonctionner cette association, de nombreux b\u00e9n\u00e9voles ont oeuvr\u00e9 \u00e0 chaque \u00e9poque. En voici une liste qui est incompl\u00e8te et qui n\u2019est pas chronologique : G\u00e9rard Garc\u00e8s, Alain Boulanger, Ren\u00e9 Jeandel, Jean Tardos, Patrick Harl\u00e9, Louis Forgue, Roger Trioulier, Paule Pucel, Serge Fouran, Marc Pezale, Jos\u00e9 Cazcarre, Jacques Buret, Fran\u00e7ois Mur, Sylvie et Mr Dumestre, Georges Saltr\u00e9, Jean Marc Hoareau\u2026. Les anciens entra\u00eeneurs du club : St\u00e9phane Lescourret, Jean Paul Hoareau, Herv\u00e9 Bard, Patrice Leparc,<\/p>\n\n\n\n<p>Le club a organis\u00e9 depuis ses d\u00e9buts des comp\u00e9titions:<\/p>\n\n\n\n<ul class=\"wp-block-list\">\n<li>de ski alpin \u00a0(24 courses ffs ces 10 derni\u00e8res ann\u00e9es dont des r\u00e9gionales en 2010, 2012, 2013, 2017, 2018, 2019, 2023),<\/li>\n\n\n\n<li>de snowboard,<\/li>\n\n\n\n<li>de ski de fond (par exemple les traces blanches de \u00ab\u00a0la d\u00e9p\u00eache du midi\u00a0\u00bb autour du lac de G\u00e9nos-Loudenvielle en 1991)<\/li>\n<\/ul>\n","protected":false},"excerpt":{"rendered":"<p>Cr\u00e9\u00e9 en 1976 en m\u00eame temps que la station, le club a accueilli en une cinquantaine d\u2019ann\u00e9es plus de 1000 jeunes des vall\u00e9es qui ont suivi des cours de ski ou de snowboard. Parmi ces jeunes, 3 ont&nbsp; poursuivi leur r\u00eave dans un club alpin : Francis Fornos, Thomas Jeandel et Julie Martin.Plusieurs jeunes du club ont obtenu un titre de Champion des Pyr\u00e9n\u00e9es : Jean Paul Hoareau, Mariana Lescourret\u2026..en 2020 Mathilde Castillon (liste \u00e0 compl\u00e9ter, si vous en faites partie, merci de nous appeler.) Le club a gagn\u00e9 le troph\u00e9e du Desman par 2 fois. Ce troph\u00e9e &nbsp;r\u00e9compense la meilleure \u00e9quipe microbes \u00e0 Gavarnie. Le club se classe dans les 3 premiers clubs (sur une vingtaine de pr\u00e9sents) en 207 2018 2019 (\u00e9dition 2020 annul\u00e9e) Ont particip\u00e9 aux Championnats de France benjamins ou minimes&nbsp;: r\u00e9cemment Cora Vila Malo, Elias Bertaud, Mathilde Castillon et Axel Fresquet, il y a plus longtemps&nbsp;Franck Bigourdan, Marion Harl\u00e9, Manu Cazcarre, Francis Fornos, Mariana Lescourret,&nbsp;Mathieu Pucel, Micha\u00ebl Mur, Esther Dumestre, Sandra Latour, Jean Paul Hoareau, Nicolas Garces (liste \u00e0 compl\u00e9ter, si vous en faites partie, merci de nous appeler.) Adrien Fresquet membre actuel des \u00e9quipes de France B en vitesse a pass\u00e9 plusieurs ann\u00e9es \u00e0 Val Louron Pour faire fonctionner cette association, de nombreux b\u00e9n\u00e9voles ont oeuvr\u00e9 \u00e0 chaque \u00e9poque. En voici une liste qui est incompl\u00e8te et qui n\u2019est pas chronologique : G\u00e9rard Garc\u00e8s, Alain Boulanger, Ren\u00e9 Jeandel, Jean Tardos, Patrick Harl\u00e9, Louis Forgue, Roger Trioulier, Paule Pucel, Serge Fouran, Marc Pezale, Jos\u00e9 Cazcarre, Jacques Buret, Fran\u00e7ois Mur, Sylvie et Mr Dumestre, Georges Saltr\u00e9, Jean Marc Hoareau\u2026. Les anciens entra\u00eeneurs du club : St\u00e9phane Lescourret, Jean Paul Hoareau, Herv\u00e9 Bard, Patrice Leparc, Le club a organis\u00e9 depuis ses d\u00e9buts des comp\u00e9titions:<\/p>\n","protected":false},"author":1,"featured_media":0,"parent":0,"menu_order":0,"comment_status":"closed","ping_status":"closed","template":"","meta":{"footnotes":""},"class_list":["post-67","page","type-page","status-publish","hentry"],"_links":{"self":[{"href":"https:\/\/www.skiclubvallouron.com\/index.php?rest_route=\/wp\/v2\/pages\/67","targetHints":{"allow":["GET"]}}],"collection":[{"href":"https:\/\/www.skiclubvallouron.com\/index.php?rest_route=\/wp\/v2\/pages"}],"about":[{"href":"https:\/\/www.skiclubvallouron.com\/index.php?rest_route=\/wp\/v2\/types\/page"}],"author":[{"embeddable":true,"href":"https:\/\/www.skiclubvallouron.com\/index.php?rest_route=\/wp\/v2\/users\/1"}],"replies":[{"embeddable":true,"href":"https:\/\/www.skiclubvallouron.com\/index.php?rest_route=%2Fwp%2Fv2%2Fcomments&post=67"}],"version-history":[{"count":0,"href":"https:\/\/www.skiclubvallouron.com\/index.php?rest_route=\/wp\/v2\/pages\/67\/revisions"}],"wp:attachment":[{"href":"https:\/\/www.skiclubvallouron.com\/index.php?rest_route=%2Fwp%2Fv2%2Fmedia&parent=67"}],"curies":[{"name":"wp","href":"https:\/\/api.w.org\/{rel}","templated":true}]}}